{"id":843,"date":"2018-05-08T23:10:13","date_gmt":"2018-05-08T21:10:13","guid":{"rendered":"http:\/\/www.rauschers-online.de\/wordpress\/ziegelhuette\/?page_id=843"},"modified":"2026-01-05T15:57:33","modified_gmt":"2026-01-05T14:57:33","slug":"allgemeine-geschaeftsbedingungen","status":"publish","type":"page","link":"http:\/\/ferienpark-ziegelhuette.de\/?page_id=843","title":{"rendered":"Rechtliches"},"content":{"rendered":"<h2>Impressum<\/h2>\n<h3>Angaben gem\u00e4\u00df \u00a7 5 TMG:<\/h3>\n<p>Gasthof Ziegelh\u00fctte GmbH, Lohrer Str. 30 (Weiler Ziegelh\u00fctte), 63639 Fl\u00f6rsbachtal<\/p>\n<h3>Vertreten durch:<\/h3>\n<p>Gesch\u00e4ftsf\u00fchrer: Alfred Tolksdorf, Hannah Schipper<\/p>\n<h3>Kontakt:<\/h3>\n<p>Telefon: +49 (0) 6057 918944<br \/>\nE-Mail: info@ferienpark-ziegelhuette.de<\/p>\n<h3>Registereintrag:<\/h3>\n<p>Eintragung im Handelsregister.<br \/>\nRegistergericht: Amtsgericht Hanau<br \/>\nRegisternummer: HRB 12492<\/p>\n<h3>Umsatzsteuer:<\/h3>\n<p>Umsatzsteuer-Identifikationsnummer gem\u00e4\u00df \u00a727 a Umsatzsteuergesetz:<br \/>\nDE 181339707<\/p>\n<h3>Streitschlichtung<\/h3>\n<p>Wir sind nicht bereit oder verpflichtet, an Streitbeilegungsverfahren vor einer Verbraucherschlichtungsstelle teilzunehmen.<\/p>\n<h2>Gesch\u00e4ftsbedingungen f\u00fcr Buchungen &#8211; AGB\u2019s der Ziegelh\u00fctte GmbH<\/h2>\n<h3>\u00a7 1 Geltungsbereich<\/h3>\n<p>Diese AGB gelten f\u00fcr alle Ferienhausbuchungen, die zwischen der Ziegelh\u00fctte GmbH mit Kunden abgeschlossen werden.<\/p>\n<h3>\u00a7 2 Buchung\/ Buchungsbest\u00e4tigung<\/h3>\n<p>Die Vereinbarung von bestellten Ferienh\u00e4usern in von Form einer Buchung ist f\u00fcr beide Vertragspartner bindend. Die H\u00e4user Nr. 1-11 k\u00f6nnen mit je bis zu f\u00fcnf Personen (einschlie\u00dflich Kindern) genutzt werden, das Haus Nr. 12 mit bis zu 10 Personen (einschlie\u00dflich Kindern). Weitere Personen sind unzul\u00e4ssig. Besuch, der die Maximalbelegung an zul\u00e4ssigen Personen \u00fcbesteigt, ist ebenfalls nicht gestattet.<\/p>\n<p>Der Vertrag ist abgeschlossen, sobald der Gast durch die Ziegelh\u00fctte GmbH eine verbindliche Buchungsbest\u00e4tigung (auch telefonisch) erh\u00e4lt.<br \/>\nDie Leistungserbringung erfolgt nur auf Grundlage der vorliegenden AGB. Eine AGB des Kunden wird nicht anerkannt. Eine Unter- und Weitervermietung an Dritte bedarf der schriftlichen Einwilligung der Ziegelh\u00fctte GmbH. Hat ein Dritter f\u00fcr den Kunden bestellt, haftet er der Ziegelh\u00fctte GmbH gegen\u00fcber mit dem Kunden als Gesamtschuldner. Die Ziegelh\u00fctte GmbH kann von dem Kunden oder vom Dritten eine angemessene Vorauszahlung verlangen.<br \/>\nEs besteht kein Anspruch auf Inanspruchnahme der \u00dcbernachtungs-Dienstleistung in einem bestimmten Ferienhaus.<\/p>\n<h3><strong>\u00a7 3 Zahlungsbedingungen<\/strong><\/h3>\n<p>Der Preis der \u00dcbernachtungsdienstleistung ist durch den Gast sp\u00e4testens am Anreisetag zu bezahlen.<\/p>\n<p>G\u00fcltige Zahlungsmittel sind Bargeld, EC-Karten und Vorauszahlungen.<\/p>\n<p>Die Kosten der Zahlung tr\u00e4gt der Kunde. Bank\u00fcberweisungsgeb\u00fchren sind vollst\u00e4ndig vom Mieter zu zahlen, d.h. dem Bankkonto der Ziegelh\u00fctte GmbH ist der volle Rechnungsbetrag spesenfrei gutzuschreiben. Die Abgabe von Dienstleistungen auf sp\u00e4ter zu bezahlende Rechnung ist nicht m\u00f6glich.<\/p>\n<p>Es gelten die Preise, die auf der Homepage der Ziegelh\u00fctte GmbH ver\u00f6ffentlicht sind. Die vereinbarten Preise schlie\u00dfen die jeweilige gesetzliche Mehrwertsteuer ein.<\/p>\n<p>\u00dcberschreitet der Zeitraum zwischen Vertragsabschluss und Vertragserf\u00fcllung vier Monate und erh\u00f6ht sich der vom Hotel allgemein f\u00fcr derartige Leistungen berechnete Preis, so kann der vertraglich vereinbarte Preis durch den Vermieter (Ziegelh\u00fctte GmbH) angemessen angehoben werden. Betr\u00e4gt die an sich zul\u00e4ssige Preiserh\u00f6hung mehr als f\u00fcnf Prozent des Reisepreises, kann der Mieter kostenfrei vom Reisevertrag zur\u00fccktreten. Den R\u00fccktritt muss der Mieter unverz\u00fcglich gegen\u00fcber der Ziegelh\u00fctte GmbH erkl\u00e4ren.<\/p>\n<h3>\u00a7 4 An- und Abreise<\/h3>\n<p>Soweit keine andere Vereinbarung besteht, ist der Zimmerbezug am Anreisetag ab 15:00 Uhr m\u00f6glich. Die Hausr\u00fcckgabe hat bis sp\u00e4testens 10:30 Uhr am Abreisetag zu erfolgen.<\/p>\n<p>Eine sp\u00e4tere Abreise muss im Vorhinein mit der Ziegelh\u00fctte GmbH abgekl\u00e4rt werden. Bei Genehmigung eines l\u00e4ngeren Aufenthaltes erfolgt ein Aufpreis. Bei ungenehmigter Verl\u00e4ngerung hat der Gast immer den vollen \u00dcbernachtungspreis zu zahlen. Hinzu kommen Kosten, die sich zus\u00e4tzlich (ggf. aus Umbuchungen von G\u00e4sten in ein anderes Zimmer\/Hotel) ergeben k\u00f6nnen.<\/p>\n<p>Reservierte H\u00e4user, die nicht bis sp\u00e4testens 19:00 Uhr des Anreisetages bezogen werden, k\u00f6nnen durch die Ziegelh\u00fctte GmbH anderweitig vermietet werden. Dies gilt nicht, sofern ausdr\u00fccklich eine sp\u00e4tere Anreise vereinbart wurde.<\/p>\n<p>Die entsprechende Hausnummer wird mit der Buchungsbest\u00e4tigung bekannt gegeben. Aus buchungstechnischen Gr\u00fcnden kann in seltenen F\u00e4llen die Verlegung in ein gleichwertiges Haus erforderlich sein.<\/p>\n<h3><strong>\u00a7 5 R\u00fccktritt durch den Mieter<\/strong><\/h3>\n<p>Der Mieter hat die M\u00f6glichkeit das bereits gebuchte Ferienhaus bis zu 6 Wochen vor Reiseantritt kostenfrei zu stornieren.<\/p>\n<p>Bei einer Stornierung, die sp\u00e4testens 4 Wochen vor Reiseantritt erfolgt, werden 50% des Gesamtreisepreises f\u00e4llig.<\/p>\n<p>Tritt der Gast sp\u00e4ter als 4 Wochen vom vereinbarten Vertrag zur\u00fcck, besteht eine Schadensersatzpflicht des Mieters in H\u00f6he von 100% des Gesamtreisepreises.<\/p>\n<p>Gr\u00fcnde der Stornierung sind unerheblich. Die Ziegelh\u00fctte GmbH ist gehalten, nicht in Anspruch genommene Unterk\u00fcnfte nach M\u00f6glichkeit anderweitig zu vergeben, um Ausf\u00e4lle zu vermeiden. Es wird empfohlen, sich gegen das mit einem R\u00fccktritt verbundene Kostenrisiko durch den Abschluss einer Reiser\u00fccktrittsversicherung abzusichern, dies gilt auch f\u00fcr den Krankheitsfall und\/oder Quarant\u00e4ne- bzw. Isolationsfall.<\/p>\n<h3><strong>\u00a7 6 R\u00fccktritt und K\u00fcndigung durch den Vermieter <\/strong><\/h3>\n<p>Wenn die Bereitstellung des Ferienhauses aus, f\u00fcr den Vermieter, nicht vertretbaren Gr\u00fcnden undurchf\u00fchrbar ist, z.B. Unbewohnbarkeit durch gr\u00f6\u00dfere Sch\u00e4den etc. wird dieser versuchen in diesem Fall ein Ersatzobjekt anzubieten. Ist dieses nicht m\u00f6glich oder findet das Ersatzobjekt nicht die Zustimmung des Mieters, wird der an die Ziegelh\u00fctte GmbH gezahlte Buchungsbetrag zur\u00fcckerstattet. Ein weitergehender Ersatzanspruch bzw. Entsch\u00e4digung ist ausgeschlossen.<\/p>\n<h3><strong>\u00a7 7 Au\u00dferordentliches K\u00fcndigungsrecht<\/strong><\/h3>\n<p>Randalierende G\u00e4ste, die gegen die Grundpflichten \/ Hausordnung versto\u00dfen, z. B. andere G\u00e4ste bel\u00e4stigen, L\u00e4rm machen o.\u00c4. haben Ihr Gastrecht verwirkt. Sollte eine Ermahnung nicht fruchten, kann eine Zwangsr\u00e4umung erfolgen. Im Falle der Zwangsr\u00e4umung, wird der gebuchte Gesamtreisepreis f\u00e4llig.<\/p>\n<h3><strong>\u00a7 8 \u00c4nderungen der Leistungen<\/strong><\/h3>\n<p>Die Bilder auf der Homepage sind ohne Gew\u00e4hr. \u00c4nderungen von Einrichtung und Ausstattung der H\u00e4user bleiben vorbehalten und begr\u00fcnden keine Anspr\u00fcche des Mieters. Sie sind jedoch grunds\u00e4tzlich den beispielhaft Angegebenen gleichwertig.<\/p>\n<h3><strong>\u00a7 9 Haftung<\/strong><\/h3>\n<p>Der Vermieter \u00fcbernimmt keinerlei Haftung f\u00fcr den Mieter oder mitreisende Personen f\u00fcr eventuelle Unf\u00e4lle im Haus oder auf dem Grundst\u00fcck, sowie f\u00fcr von denen in das Ferienhaus eingebrachte Gut.<\/p>\n<p>Sollten Gegenst\u00e4nde aus dem zur Verf\u00fcgung gestellten Ferienhaus stark verunreinigt werden, verschwinden oder mutwillig zerst\u00f6rt werden, werden diese Gegenst\u00e4nde dem Gast mit ggf. Sonderreinigung zum Wiederbeschaffungswert, zzgl. Versandkosten plus 20% Aufwandsentsch\u00e4digung in Rechnung gestellt.<\/p>\n<p>Das gleiche gilt f\u00fcr Eigentum der Ziegelh\u00fctte GmbH in den f\u00fcr die G\u00e4ste vorgehaltenen Bereichen.<\/p>\n<p>In schweren F\u00e4llen wird in jedem Fall Anzeige erstattet.<\/p>\n<h3><strong>\u00a7 10 Hausordnung<\/strong><\/h3>\n<p>Es gilt die im Ferienhaus ausliegende Hausordnung. Bei Versto\u00df gegen die Hausordnung kann eine Abmahnung ausgesprochen werden. Kommt es wiederholt zu Verst\u00f6\u00dfen, kann eine fristlose K\u00fcndigung ausgesprochen werden. Im Falle einer K\u00fcndigung wird der gesamte Reisepreis f\u00e4llig.<\/p>\n<p>Es herrscht in allen Ferienh\u00e4usern absolutes Rauchverbot. Bei Zuwiderhandlung wird dem Gast die Zimmerreinigung und eine Renovierungspauschale in H\u00f6he von 350,- \u20ac in Rechnung gestellt.<\/p>\n<p>Es ist immer auf Zimmerlautst\u00e4rke zu achten. Feiern und laute Musik sind nicht erlaubt.<\/p>\n<h3><strong>\u00a7 11 Mitnahme von Haustieren<\/strong><\/h3>\n<p>Die Mitnahme von Haustieren bedarf der vorherigen Genehmigung seitens der Ziegelh\u00fctte GmbH. Im Ferienhaus f\u00fcr Zehn Personen, sowie in den Ferienh\u00e4usern f\u00fcr Zwei Personen sind Haustiere nicht erlaubt.<\/p>\n<p>Der Besitzer eines Tieres hat daf\u00fcr Sorge zu tragen, dass das Tier nicht unbeaufsichtigt ist. Es muss gew\u00e4hrleistet sein, dass die Tiere keinen L\u00e4rm verursachen. Ebenso haftet der Tierhalter f\u00fcr Sach- und Personensch\u00e4den, die m\u00f6glicherweise durch das Tier entstehen. Es gilt auf dem gesamten Gel\u00e4nde der Ziegelh\u00fctte GmbH Leinenpflicht f\u00fcr Hunde.<\/p>\n<p>Zudem wird eine Sonderreinigungspauschale in H\u00f6he von 15,00\u20ac pro Tag und Haustier in Rechnung gestellt.<\/p>\n<h3><strong>\u00a7 12 Haftung f\u00fcr technische St\u00f6rungen<\/strong><\/h3>\n<p data-start=\"203\" data-end=\"566\">Der Vermieter haftet nicht f\u00fcr vor\u00fcbergehende Ausf\u00e4lle oder St\u00f6rungen an technischen oder elektronischen Einrichtungen des Ferienhauses, sofern diese nicht durch vors\u00e4tzliches oder grob fahrl\u00e4ssiges Verhalten des Vermieters verursacht wurden und au\u00dferhalb seines unmittelbaren Einflussbereichs liegen.<\/p>\n<p data-start=\"568\" data-end=\"825\">Der Vermieter ist bem\u00fcht, auftretende St\u00f6rungen oder Sch\u00e4den unverz\u00fcglich zu beheben oder beheben zu lassen. Ein Anspruch auf Schadensersatz, Mietminderung oder Ersatzleistungen seitens des Mieters besteht in diesen F\u00e4llen nicht.<\/p>\n<h3><strong>\u00a7 13 Nutzung von WLAN<\/strong><\/h3>\n<p>Gestattung der unentgeltlichen Mitbenutzung<br \/>\nDer Ferienpark Ziegelh\u00fctte GmbH betreibt einen Internetzugang \u00fcber<br \/>\nWLAN. Er gestattet dem Gast f\u00fcr die Dauer seines Aufenthaltes eine Mitbenutzung des WLAN-Zugangs zum Internet. Die Mitbenutzung wird als unentgeltliche Serviceleistung des Hotels gew\u00e4hrt und ist jederzeit widerruflich.<\/p>\n<p>Der Nutzer hat nicht das Recht, Dritten die Nutzung des WLANs zu gestatten.<br \/>\nDer Inhaber ist jederzeit berechtigt, den Betrieb des WLANs ganz, teilweise oder zeitweise einzustellen, weitere Mitnutzer zuzulassen und den Zugang des Nutzers ganz, teilweise oder zeitweise zu beschr\u00e4nken<br \/>\noder auszuschlie\u00dfen. Der Inhaber beh\u00e4lt sich insbesondere vor, nach eigenem Ermessen und jederzeit den Zugang auf bestimmte Seiten oder Dienste \u00fcber das WLAN zu sperren (z.B. gewaltverherrlichende,<br \/>\npornographische oder kostenpflichtige Seiten).<\/p>\n<p>Zugangsdaten<br \/>\nDer Nutzer erh\u00e4lt an der Rezeption eine tempor\u00e4re Kennung mit Passwort zur pers\u00f6nlichen Nutzung des WLANs. Mit seiner Unterschrift best\u00e4tigt der Nutzer den entsprechenden Erhalt.<br \/>\nS\u00e4mtliche Zugangsdaten (Benutzername sowie Passwort) sind nur zum pers\u00f6nlichen Gebrauch des Nutzers bestimmt und d\u00fcrfen in keinem Fall an Dritte weitergegeben werden. Der Nutzer verpflichtet sich, seine Zugangsdaten geheim zu halten. Der Inhaber hat jederzeit das Recht, Zugangscodes zu \u00e4ndern.<\/p>\n<p>Hinweise, Gefahren der WLAN-Nutzung<br \/>\nDer Nutzer wird darauf hingewiesen, dass der unter Nutzung des WLANs hergestellte Datenverkehr unverschl\u00fcsselt erfolgt. Die Daten k\u00f6nnen daher m\u00f6glicherweise von Dritten eingesehen werden.<br \/>\nDas WLAN erm\u00f6glicht nur den Zugang zum Internet. Die abgerufenen Inhalte unterliegen keiner \u00dcberpr\u00fcfung durch den Inhaber, insbesondere nicht daraufhin, ob sie Schadsoftware enthalten. Die Nutzung des WLANs erfolgt auf eigene Gefahr und auf eigenes Risiko des Nutzers.<br \/>\nDer Inhaber weist ausdr\u00fccklich darauf hin, dass die Gefahr besteht, dass Schadsoftware (z.B. Viren, Trojaner, W\u00fcrmer, etc.) bei der Nutzung des WLANs auf das Endger\u00e4t gelangt.<\/p>\n<p>Verantwortlichkeit und Freistellung von Anspr\u00fcchen<br \/>\nF\u00fcr die \u00fcber das WLAN \u00fcbermittelten Daten, die dar\u00fcber in Anspruch genommenen kostenpflichtigen Dienstleistungen und get\u00e4tigten Rechtsgesch\u00e4fte ist der Nutzer selbst verantwortlich.<\/p>\n<p>Der Nutzer ist verpflichtet, bei Nutzung des WLANs das geltende Recht einzuhalten. Er wird insbesondere:<br \/>\n\u2022 das WLAN weder zum Abruf noch zur Verbreitung von sitten- oder rechtswidrigen Inhalten zu nutzen<br \/>\n\u2022 keine urheberrechtlich gesch\u00fctzten G\u00fcter widerrechtlich vervielf\u00e4ltigen, verbreiten oder zug\u00e4nglich machen<br \/>\n\u2022 die geltenden Jugendschutzvorschriften beachten<br \/>\n\u2022 keine bel\u00e4stigenden, verleumderischen oder bedrohenden Inhalte versenden oder verbreiten<br \/>\n\u2022 das WLAN nicht zur Versendung von Massen-Nachrichten (Spam) und \/ oder anderen Formen unzul\u00e4ssiger Werbung nutzen.<\/p>\n<p>Der Nutzer stellt den Inhaber von s\u00e4mtlichen Sch\u00e4den und Anspr\u00fcchen Dritter frei, die auf einer rechtswidrigen Verwendung des WLANs durch den Nutzer und \/ oder auf einem Versto\u00df gegen vorliegenden Vereinbarung beruhen, dies erstreckt sich auch auf f\u00fcr mit der Inanspruchnahme bzw. deren Abwehr zusammenh\u00e4ngende Kosten und Aufwendungen.<br \/>\nErkennt der Nutzer oder muss er erkennen, dass eine solche Rechtsverletzung und \/ oder ein solcher Versto\u00df vorliegt oder droht, weist er den Inhaber auf diesen Umstand hin.<\/p>\n<p>Dokumentation der Nutzung<br \/>\nDie Logdaten werden protokolliert und gespeichert. Eine L\u00f6schung der Logdaten erfolgt entsprechend nach den Ma\u00dfgaben des Telekommunikationsgesetztes (TKG).<\/p>\n<h3><strong>\u00a7 14 Sonstiges<\/strong><\/h3>\n<p>Liegengebliebene Gegenst\u00e4nde werden nur auf Nachfrage und Kostenerstattung nachgesandt. Die Ziegelh\u00fctte GmbH verpflichtet sich zu einer Aufbewahrung von 4 Wochen. Nach dieser Zeit werden die Gegenst\u00e4nde, sofern sichtlicher Wert besteht, dem lokalen Fundb\u00fcro \u00fcbergeben.<\/p>\n<h3><strong>\u00a7 15 Nebenabreden \/ Schriftformerfordernis<\/strong><\/h3>\n<p>\u00c4nderungen oder Nebenabreden bed\u00fcrfen zu ihrer Wirksamkeit der Schriftform. Das gleiche gilt f\u00fcr den Verzicht auf die Schriftformerfordernis.<\/p>\n<h3><strong>\u00a7 16 Gerichtsstand und Salvatorische Klausel<\/strong><\/h3>\n<p>Gerichtsstand f\u00fcr s\u00e4mtliche sich zwischen den Parteien aus dem Vertragsverh\u00e4ltnis ergebenden Streitigkeiten ist Gelnhausen. Sollten einzelne Bestimmungen dieser Allgemeinen Gesch\u00e4fts-bedingungen unwirksam, nichtig sein oder werden, wird hierdurch die Wirksamkeit der \u00fcbrigen Bestimmungen nicht ber\u00fchrt.<\/p>\n<p>Alle hier aufgef\u00fchrten Bedingungen (AGB) gelten mit der Buchung als anerkannt!<\/p>\n<p>Obertshausen, im Mai 2018<\/p>\n","protected":false},"excerpt":{"rendered":"<p>Impressum Angaben gem\u00e4\u00df \u00a7 5 TMG: Gasthof Ziegelh\u00fctte GmbH, Lohrer Str. 30 (Weiler Ziegelh\u00fctte), 63639 Fl\u00f6rsbachtal Vertreten durch: Gesch\u00e4ftsf\u00fchrer: Alfred Tolksdorf, Hannah Schipper Kontakt: Telefon: +49 (0) 6057 918944 E-Mail: info@ferienpark-ziegelhuette.de Registereintrag: Eintragung im Handelsregister. Registergericht: Amtsgericht Hanau Registernummer: HRB 12492 Umsatzsteuer: Umsatzsteuer-Identifikationsnummer gem\u00e4\u00df \u00a727 a Umsatzsteuergesetz: DE 181339707 Streitschlichtung Wir sind nicht bereit oder [&hellip;]<\/p>\n","protected":false},"author":1,"featured_media":0,"parent":0,"menu_order":0,"comment_status":"closed","ping_status":"closed","template":"","meta":[],"_links":{"self":[{"href":"http:\/\/ferienpark-ziegelhuette.de\/index.php?rest_route=\/wp\/v2\/pages\/843"}],"collection":[{"href":"http:\/\/ferienpark-ziegelhuette.de\/index.php?rest_route=\/wp\/v2\/pages"}],"about":[{"href":"http:\/\/ferienpark-ziegelhuette.de\/index.php?rest_route=\/wp\/v2\/types\/page"}],"author":[{"embeddable":true,"href":"http:\/\/ferienpark-ziegelhuette.de\/index.php?rest_route=\/wp\/v2\/users\/1"}],"replies":[{"embeddable":true,"href":"http:\/\/ferienpark-ziegelhuette.de\/index.php?rest_route=%2Fwp%2Fv2%2Fcomments&post=843"}],"version-history":[{"count":21,"href":"http:\/\/ferienpark-ziegelhuette.de\/index.php?rest_route=\/wp\/v2\/pages\/843\/revisions"}],"predecessor-version":[{"id":1871,"href":"http:\/\/ferienpark-ziegelhuette.de\/index.php?rest_route=\/wp\/v2\/pages\/843\/revisions\/1871"}],"wp:attachment":[{"href":"http:\/\/ferienpark-ziegelhuette.de\/index.php?rest_route=%2Fwp%2Fv2%2Fmedia&parent=843"}],"curies":[{"name":"wp","href":"https:\/\/api.w.org\/{rel}","templated":true}]}}